 -2 + (1 - 5).
3
-1 + (-2 + 3 - (3 + -7))
4
What is 1 - 2 - ((1 - -1) + -6)?
3
11 + -5 + -9 + 8 + -2
3
-7 + 0 + 7 + -3
-3
What is -2 + -2 + -3 + 5?
-2
5 - 0 - (1 + 7)
-3
Evaluate -1 + 4 - ((10 - 7) + 3).
-3
(3 - 11) + (-6 - -14)
0
Calculate 2 + 2 + -3 + 1 - 1.
1
Calculate (-4 - 3 - -6) + 5 + -11.
-7
Calculate -10 + -3 + 12 + -6.
-7
What is the value of -9 - (3 + -16) - -1?
5
What is the value of -1 + (6 - 1) + -2?
2
What is the value of 14 - 14 - (1 - (-2 - -3))?
0
What is the value of 5 + -6 + (8 - 11)?
-4
1 + (-3 + 2 - 4)
-4
-5 + (7 - 1) + (-7 - 0)
-6
Evaluate -3 - -1 - (9 + -12 + 6).
-5
What is the value of (5 - (7 - 0)) + (1 - 0)?
-1
What is the value of (0 - 6 - -4) + 3 + -7?
-6
What is the value of 4 + -1 - (-18 + 16)?
5
What is the value of (2 - (5 - -3)) + -1?
-7
6 + (7 - 12) + -5 + -4
-8
Evaluate -2 + (-1 - 3 - -6).
0
What is the value of 4 - (6 + 0 - (4 - 0))?
2
What is the value of (4 - (1 - (-5 - -3))) + -4?
-3
Calculate -4 + 8 + -5 + 0.
-1
Evaluate (-1 + 2 - -1) + (7 - 10).
-1
13 - 20 - (5 - 7)
-5
What is 5 + -7 + -3 + 3?
-2
Calculate -6 - (-19 + -2 + 5 + 1).
9
Evaluate 0 + 7 + 23 + -29 - 5.
-4
Evaluate -3 + (-2 - (-3 - 2)).
0
What is (-3 - (-4 + 0)) + (-3 - 1)?
-3
Evaluate 11 + (-2 - 5) - 4.
0
Calculate -2 + (15 + 0 - (-29 - -35)).
7
What is the value of 20 - (22 - 9) - 10?
-3
Calculate -2 - (-13 + (4 - 11 - -12)).
6
Evaluate -8 + (5 + -4 + 2 - -3).
-2
Evaluate -10 + (-2 + -3 - -9).
-6
What is the value of -75 + 72 + 5 + -2 + 2?
2
What is the value of 9 - ((-8 - -15 - -6) + -5)?
1
-59 + 50 - (-16 + 0)
7
What is the value of 5 - (-10 - (4 + -11))?
8
What is the value of 6 + (47 + -42 - (1 - -7))?
3
8 - ((41 - 46) + (5 - -1))
7
Calculate 0 - 2 - (3 + -12 - -4).
3
What is 7 - (5 - (-2 - 2))?
-2
Calculate 3 + -5 + 3 + -4.
-3
-1 + -1 - (-7 + 9)
-4
Evaluate 7 + -8 + 4 + 0 - 5.
-2
Calculate -3 - (-2 + -1) - 3.
-3
What is the value of -9 + 3 - (2 - 4)?
-4
What is (5 - 2 - 1) + -13 + 6?
-5
What is the value of 1 + -7 + -2 - (10 + -13)?
-5
What is the value of 12 - (-10 - (7 + -27))?
2
Calculate (4 + 1 - 4) + -8.
-7
Calculate -3 + 1 + (2 - -2).
2
Calculate -3 + -1 + -1 + 2 + 3.
0
What is 6 + (-7 - 3 - 1)?
-5
(2 - 3) + 4 - (0 + -1)
4
Calculate 0 - (1 + (-1 - -3) + -2).
-1
What is -12 + 13 + 1 + -4 + 3?
1
What is the value of -2 - ((6 - 5) + (0 - 4))?
1
Calculate 4 + 7 + (-10 - -5) + -5.
1
What is -1 - (-1 - (16 - 9))?
7
(-12 - (-6 + 5)) + 18
7
Calculate 19 + -17 - (1 - 0).
1
What is the value of 2 - (-3 - 0) - 4?
1
Evaluate 3 - 2 - (-1 - (-2 + -2)).
-2
Evaluate -6 - -6 - (-7 + 2).
5
8 + -10 + 0 + 0
-2
What is the value of -7 + (8 - -6) + -8?
-1
-7 - 0 - (-3 + -7)
3
What is 2 - (-4 + 2 + 2)?
2
What is 10 - (2 - (-2 - 2))?
4
4 - ((2 - -1) + 2 + -3)
2
What is the value of -3 + 0 + 1 + -3?
-5
Calculate 47 + -54 - (-2 - -1).
-6
Evaluate 2 + 1 - -2 - (8 - 6).
3
-1 + (5 - (-15 + 7 + 10))
2
What is the value of 4 - 8 - -8 - (-5 - -10)?
-1
Calculate 3 - (0 + 0 - (59 - 59)).
3
Evaluate 3 + (1 - 1 - 6).
-3
Calculate 5 + (-6 + 1 - 2).
-2
What is the value of 5 + (-10 - (5 + -7))?
-3
What is 2 + (12 + -10 - -1)?
5
-5 + 0 + (10 - (7 + -6))
4
5 + -4 + 2 - 5
-2
2 + (7 - 7) + (5 - 3)
4
-2 + 4 + 6 - (4 + -1)
5
Calculate 14 + -1 - (7 - (16 - 17)).
5
Calculate 0 + -7 + 0 + 5 + -3.
-5
Evaluate 3 + (-16 - -8) + (5 - 0).
0
5 + -7 + -3 + 3
-2
What is -5 - -5 - (-3 + -1 - -3)?
1
Calculate 2 + 0 - (-8 - -12).
-2
What is the value of 4 + (1 - (4 - 3))?
4
What is the value of (2 - -1 - 0) + 2?
5
1 - 1 - (-7 + 8)
-1
What is ((5 - 4) + 6 - 9) + -6?
-8
What is 0 + -9 + 2 + 1?
-6
What is the value of (8 - (9 - 5)) + -5?
-1
What is the value of 2 - -1 - (5 - (9 - 8))?
-1
What is the value of (3 - 1) + (-7 - -1) - -3?
-1
What is -1 + -5 + -3 + 5?
-4
Evaluate -1 + 2 + 9 + -15 + 0.
-5
What is the value of -2 + 2 + (1 - -1) - 0?
2
Calculate -8 + 8 - (-5 - -10).
-5
Evaluate (3 - -2) + -1 + 3 + -5.
2
Evaluate -1 + 3 - 2 - -8.
8
What is 2 + -9 + 2 - 0?
-5
Evaluate 2 - ((7 - (-4 - -16)) + 4).
3
Evaluate 0 + (-4 - 0 - 3) + 4.
-3
Evaluate -7 - -7 - (1 + -3).
2
What is the value of (16 - 20) + (4 - 0) + -4?
-4
Evaluate -5 + 6 + -8 + 4 + -5.
-8
What is the value of -1 + -2 + 0 + -2 + 4?
-1
What is -16 + 19 - (-2 - 2)?
7
(-4 - (-9 - -5)) + -6 + 0
-6
What is 3 - (3 - -8) - (-6 + 1)?
-3
What is the value of 2 + 8 + (-2 - 3)?
5
What is the value of (0 - (1 - 8) - 0) + -6?
1
Calculate (-2 - 3) + 4 + -4.
-5
Evaluate -5 + (6 - 4) + 5.
2
Evaluate (-10 - 1) + 14 - -6.
9
What is the value of 3 - ((5 - 3) + 1)?
0
-2 + 10 + -6 - (4 - 2)
0
3 + -5 - (-2 - (9 + 1))
10
What is -9 + (4 - 9) - -6?
-8
5 - 1 - (1 - 0)
3
Calculate (-2 - 1 - (1 + -12)) + -4.
4
Calculate 5 - (15 - (-1 + 1 + 0)).
-10
Evaluate -5 + -4 + 7 - (-1 - 2).
1
Evaluate -13 + 22 - (5 + -1).
5
Calculate 9 - (-6 - (-1 - 11)).
3
Evaluate 7 - (8 + -2 - 4 - -3).
2
Evaluate (3 - (-7 + 8)) + (-1 - -1).
2
What is 11 - (5 - (-2 - 2))?
2
What is the value of 1 + -1 - (7 + -4 - 3)?
0
What is 0 - (1 - 1 - 3 - -4)?
-1
What is the value of (14 - 12 - (5 + 2)) + 5?
0
4 + (-7 - 0) + 1
-2
What is -11 + 27 - (2 - -9)?
5
What is (7 - -3) + -9 - 3?
-2
(1 - -7) + 3 + (3 - 9)
5
Calculate -6 - (2 + -3) - (24 - 28).
-1
What is 1 - (1 - 9) - 6?
3
Evaluate 6 + 2 + -4 - 9.
-5
Evaluate (1 - (4 - -2 - 1)) + 0.
-4
Evaluate (3 - -2 - 9) + 0.
-4
What is (7 - ((3 - 2) + 3)) + -4?
-1
What is the value of 5 + (3 - 13 - -4)?
-1
Evaluate (42 - 35) + (-11 - 2).
-6
Evaluate -4 - (10 + -4) - -18.
8
Evaluate (-73 - -68) + 2 + 12.
9
16 - (6 + -8 + -1 - -10)
9
What is the value of -4 - (1 + 4 + 8 + -12)?
-5
What is (-2 - (-10 - (-2 - 3))) + 1?
4
Calculate -3 - (-70 + 67 + 6 + 0).
-6
What is the value of 1 + (0 - 3) + 2?
0
What is the value of (-1 - (3 - 1)) + 3?
0
What is the value of -9 + (-4 - (-2 + -3)) + 6?
-2
What is 4 + -2 - 13 - (-79 + 74)?
-6
Evaluate -3 + 11 + -6 + (0 - 3).
-1
What is the value of -2 + -1 + -10 + -4 + 8?
-9
What is -3 + (6 - (3 + 1))?
-1
What is the value of (-1 - -9) + (-3 - (5 + -4))?
4
Evaluate -3 + 1 + 0 + 10 + -4.
4
Calculate 2 - (-3 - (1 - 3)) - 0.
3
Evaluate -2 - (12 + -7 + -8).
1
What is -5 + (15 - (1 + 2) - 1)?
6
What is the value of 0 + 5 + (0 - 6) + -1?
-2
3 + 6 + (1 - 3 - -1)
8
What is the value of 7 - (8 - -1 - 5 - 1)?
4
What is the value of 2 - (1 + 3 - (-3 + 2))?
-3
Evaluate -5 + (-6 + 3 - -4) + 0.
-4
Calculate 4 + (-8 - 4 - -7).
-1
-3 + 2 + (5 - -1 - 4)
1
5 - 1 - (-95 - -96)
3
-9 - (-10 - 0 - (-5 - 1))
-5
(-6 + 3 - 2 - -3) + 6
4
What is -1 + -3 + 2 - 3 - -3?
-2
4 + -3 - 9 - (0 + -3)
-5
What is -4 - (1 - (-3 + 7))?
-1
(-6 - -5) + 0 + (7 - 3)
3
-3 + -1 + (-2 - -8)
2
What is (-15 - -7) + (9 - 3)?
-2
What is the value of 3 - 5 - -8 - 12?
-6
-5 + (-6 + 6 - -3 - -4)
2
What is -5 - (-5 + -4 + 4)?
0
What is the value of 0 + 1 + -3 + 6 + 1?
5
Evaluate (0 - -2) + (3 - 3).
2
Evaluate (6 - 2) + (-7 - 0).
-3
Calculate (1 - -1) + -9 + 2 + 7.
2
What is -2 + 2 + 12 + -8?
4
-36 + 32 + (8 - 1)
3
What is the value of 1 - (-8 - 2 - -9)?
2
0 - -3 - (-15 + 3 - -6)
9
What is 1 + 0 + 2 + -5?
-2
What is -10 + 0 + (-10 - -21)?
1
(-7 - (-9 - -5)) + 2
-1
Evaluate 3 + -2 + (0 - 0) + 2.
3
1 - (3 - (0 + 1))
-1
124 + -116 + (-1 - 16)
-9
What is -6 - (-7 - -14 - 18)?
5
Calculate 5 + -6 + -6 + 12.
5
Evaluate 2 + -1 - (7 - 5).
-1
What is the value of -9 - (0 + -6) - (1 + 0)?
-4
What is the value of (1 - 5) + 7 + (-2 - -2)?
3
-1 + 1 + (6 + -1 - 7)
-2
Evaluate -2 + -1 + (-2 + 4 - 6).
-7
Evaluate -9 - (8 - 3 - 11) - -6.
3
What is the value of -2 + 1 - (-7 - (-15 + 9))?
0
Calculate (5 - 7) + 1 + (4 - -3).
6
What is 2 - 0 - (-1 + 0)?
3
6 + (-12 + 3 - -10)
7
What is the value of -4 + 0 + -1 - -6?
1
-1 + (1 - 3 - -11 - 3)
5
What is -10 - (8 + -13 + 0)?
-5
-5 + 3 + (-2 - -5)
1
Calculate -1 + 1 + -3 + 8.
5
What is (9 - 1) + 14 + -19?
3
Calculate 3 + -1 - (4 + -5 + 3).
0
What is the value of -2 + 9 + (-23 - -12)?
-4
Evaluate 1 + (-2 + 3 - (-6 + 6)).
2
-2 + 4 + -1 + -3 + 1
-1
Calculate 6 + -3 - (9 - 2) - 1.
-5
What is (-9 - (8 - 24)) + -5?
2
What is 2 - (-2 - 0 - (26 - 26))?
4
What is the value of 4 + (-10 - -2) + 8?
4
What is the value of -3 + (5 - 4) - (-3 + 3)?
-2
What is -1 + 0 + -2 + 6 + -1?
2
What is -2 + 5 + -9 + (7 - 0)?
1
What is the value of 1 + -4 - (5 - 11)?
3
(20 - 9) + 0 - 20
-9
What is 2 + -6 - -1 - -7 - -1?
5
What is the value of 2 + -7 - (0 + -8)?
3
Calculate